. Let c(y) = 3*y - 4. Calculate the remainder when p(2) is divided by c(3).
4
Let z be (-7)/(-2) + (-27)/18. Let y = z - -2. What is the remainder when y is divided by 3?
1
Let t(w) = -w**3 + 8*w**2 - 10*w + 13. Calculate the remainder when t(5) is divided by 6.
2
Suppose -300*u + 10 = -295*u. Let m(w) be the second derivative of w**3/6 + 6*w**2 + w. What is the remainder when m(-5) is divided by u?
1
Let k(p) = 7*p**3 + 2*p**2 - p + 1. What is the remainder when 41 is divided by k(1)?
5
Let s(i) = i**3 - i + 6. Calculate the remainder when 22 is divided by s(0).
4
Let w = 54 + -39. Suppose -3*y + 4*y = -7. Let r = y + w. Calculate the remainder when 31 is divided by r.
7
What is the remainder when 80 is divided by (55/(-20) - -3)*164?
39
Suppose 2*m + 5*m - 35 = 0. What is the remainder when 10 is divided by m?
0
Let b(x) = x + 22. What is the remainder when 87 is divided by b(-7)?
12
Let g(w) be the first derivative of -3*w**3/2 - 2*w**2 + w - 1. Let q(z) be the first derivative of g(z). Calculate the remainder when q(-3) is divided by 12.
11
Suppose -5*h + 4*s = -262, 3*s - 11 - 30 = -h. What is the remainder when h is divided by 26?
24
Let d = -18 + 46. Calculate the remainder when d is divided by 15.
13
Let b be ((-4)/7)/((-2)/7). Suppose -g = z - 4*g - 9, 0 = z + b*g - 14. Calculate the remainder when 22 is divided by z.
10
Let c(j) = j**3 + 6*j**2 - 9*j - 3. What is the remainder when ((-6)/9)/((-508)/252 - -2) is divided by c(-7)?
9
Let i(j) = 19*j - 6. Calculate the remainder when i(5) is divided by 31.
27
Suppose 6 = -2*m + 100. Calculate the remainder when 187 is divided by m.
46
Let j(f) = f**2 + 6*f - 4. Calculate the remainder when j(-9) is divided by 5.
3
Suppose 5*t - 90 = -v, 16 + 28 = 2*t + 2*v. Let b = 7 - 103. Calculate the remainder when (b/(-15))/((-1)/(-5)) is divided by t.
15
What is the remainder when 65 + 6*(-2)/3 is divided by 32?
29
Calculate the remainder when 55 is divided by 18/30 - 74/(-10).
7
Let o = -5 + 9. Let m be (6/4 - 1)*0. What is the remainder when o is divided by 4/(-1 - -3) - m?
0
What is the remainder when 15 is divided by (-7)/(-28) - (-15)/4?
3
Let p(h) = -8*h - 11. Let j be p(-8). Suppose g = -0*g - j. Calculate the remainder when (g/2)/((-2)/4) is divided by 18.
17
Let i = 2 - 3. Calculate the remainder when (8/5)/(i/(-5)) is divided by (-1)/2 - (-7)/2.
2
Let g(q) = -8*q - 3*q + 3*q - 7 - q**2 + 1. Suppose -10 = -2*r - 3*r. What is the remainder when r is divided by g(-7)?
0
Let l(x) be the first derivative of x**2/2 + 11*x - 3. Let y be l(-7). Calculate the remainder when 38 is divided by y/(-18) - (-182)/9.
18
Let y(v) = v**2 + 3. Suppose -1 + 11 = -5*b. Calculate the remainder when y(-5) is divided by (-4 - b - -3) + 14.
13
Let i = 14 - -7. Suppose r = 5*x - 0*r - 53, 4*x = -5*r + 54. Calculate the remainder when i is divided by x.
10
Let x(s) = -6*s**2 + 36*s - 6. Suppose -d + 349 = 2*y + 3*y, 3*d - 357 = -5*y. What is the remainder when y is divided by x(5)?
21
Suppose 4*c - 223 = 4*m + 53, 4 = -2*m. Calculate the remainder when c is divided by 17.
16
Let l(u) = -u**2 + 3*u - 1. Let q = -2 + -6. Let f = -6 - q. Calculate the remainder when l(f) is divided by 1.
0
Let h = 0 - -2. Calculate the remainder when 5 is divided by h.
1
Let i = -54 + 66. Calculate the remainder when 46 is divided by i.
10
Let r = 110 - -24. Calculate the remainder when r is divided by 46.
42
Suppose -3*v - 4*q + 5 = 0, -5 = 2*v + 2*v + 3*q. Let c = 13 - v. Suppose -5*z + 136 = -z. What is the remainder when z is divided by c?
16
Let k(l) = 2*l + 7. Let w(o) = 31*o + 1. Let t be w(1). What is the remainder when k(6) is divided by t/12*(-15)/(-4)?
9
Suppose -3*b + j + 65 = -15, -4 = -j. Calculate the remainder when 83 is divided by b.
27
Let u(n) = -16*n - 11. What is the remainder when u(-8) is divided by 30?
27
Let r(j) = j**2 - 3*j - 4. Let p(g) = 30*g**2 - g. What is the remainder when p(1) is divided by r(5)?
5
What is the remainder when 4 + 0 + (-7 - -30) is divided by 10?
7
Suppose 0 = -2*i + i - 2. What is the remainder when 12/4 + i/(-1) is divided by 4?
1
Suppose y = -6 + 25. What is the remainder when 71 is divided by y?
14
Let w(a) = -a + 1. Let u be w(-1). Suppose -32 = -0*f - 4*f - u*x, 28 = 2*f - 5*x. Suppose 0*n + n - f = 0. Calculate the remainder when n is divided by 3.
0
Let x = 7 - 6. What is the remainder when x/(-3)*-3 + 48 is divided by 17?
15
Let k = -78 + 130. What is the remainder when k is divided by 18?
16
Suppose -6*n + 101 = -n - 2*o, 4*n + 2*o - 88 = 0. Let r(s) = 9*s**3 + s - 1. Let c be r(1). Calculate the remainder when -123*(2 + -5)/c is divided by n.
20
Suppose 3*c + 2*q = -148, -4*c + 4*q = 162 + 62. Let y = -22 - c. What is the remainder when y is divided by 16?
14
Suppose 0 = -5*n - 10, -5*u = -0*u + 5*n - 75. Calculate the remainder when 82 is divided by u.
14
Let w(u) = 0 + 4*u - 7 + 13*u. Suppose 0 = -y - 3*k + 36, 0 = y - 7*k + 2*k + 4. What is the remainder when w(4) is divided by y?
19
Let t(r) = 5 + r**3 - 3*r - 8*r**2 + 1 - r. Let a be t(8). Let y = a + 54. Calculate the remainder when y is divided by 10.
8
Suppose 2*b - 2*l = 264, 0 = 2*b - l - 225 - 43. Calculate the remainder when b is divided by 35.
31
Suppose 5*c = 4*n + 4*c - 8, -2*n = -3*c - 4. Calculate the remainder when n/(-2 + (-64)/(-28)) is divided by 2.
1
Let b(s) = -9*s - 5. What is the remainder when 167 is divided by b(-2)?
11
Suppose 10*b - 14*b = -32. Calculate the remainder when b is divided by 4.
0
Let b = 7 + 11. Calculate the remainder when 71 is divided by b.
17
Suppose 4*z + 46 = -2. Let h = z + 4. Let u(r) = -r**2 - 8*r + 6. What is the remainder when 10 is divided by u(h)?
4
Let v(s) = -s**3 - 6*s**2 + 6*s + 7. Let t be v(-6). What is the remainder when t*(2/2 + -2) is divided by 15?
14
Suppose -15 = 8*z - 13*z. Suppose -z*w - 8 + 55 = 2*o, -o = 5*w - 90. What is the remainder when w is divided by 5?
4
Suppose 0 = q - 11 + 2. What is the remainder when -1*(1 + (-34)/2) is divided by q?
7
Suppose 15 = 4*b - 21. Let p = -18 - -44. What is the remainder when p is divided by b?
8
Suppose -159 = -5*x - 14. Let a = 6 + -4. Let r = a + 8. Calculate the remainder when x is divided by r.
9
Suppose 129 + 441 = 5*h. Suppose t + 78 = 3*p - 2*t, 4*p - h = 2*t. Calculate the remainder when 59 is divided by p.
28
Suppose -2*h + 4*a + 247 = 3*a, -3*h - 4*a + 365 = 0. Calculate the remainder when h is divided by 32.
27
Suppose 4*o + 25 + 7 = 0. Let m = o - -11. Suppose -r + 17 + 13 = 3*q, -2*r = -m*q - 24. Calculate the remainder when r is divided by 10.
8
Let p = -12 - -6. Let m = 31 + -18. What is the remainder when 2/p - (-73)/3 is divided by m?
11
Let g be 2*142/4 - 2. Suppose -115 - g = -2*r. Suppose -i + 20 = -2*v + r, -5*v - 4*i = -206. Calculate the remainder when v is divided by 13.
12
Suppose 4*m = -0*w - 4*w + 32, 3*w = -15. Let o(p) = p + 2. What is the remainder when m is divided by o(5)?
6
Suppose 2*w + 19 = 3*d, -4*d + 3*w - 24 = -7*d. Let u be 0*-2*1/(-2). Let h = u - -3. What is the remainder when d is divided by h?
1
Suppose -9*g + 52 = -5*g. Calculate the remainder when 51 is divided by g.
12
Let h(m) = -2*m + 6. Calculate the remainder when 191/4 + (-27)/36 is divided by h(-5).
15
Suppose 19 = 5*m + 4. Suppose -13 = -m*a + 2. What is the remainder when 18 is divided by a?
3
Suppose -4*q = 5*b - 3, 2*b - 11 = -3*q - 0*b. Calculate the remainder when q is divided by (10/(-15))/(2/(-6)).
1
Let b(m) = m**2 + 5*m - 1. What is the remainder when b(4) is divided by 38*3*(-5)/(-30)?
16
Let y = -36 - -61. Let x be (0/3 - y)*20. What is the remainder when x/(-35) - (-4)/(-14) is divided by 5?
4
Suppose 0*n = -n + 19. Suppose 4*i + 137 = 3*w, -3*w = -4*w - 4*i + n. Calculate the remainder when w is divided by 20.
19
Suppose 303 + 16 = 3*w + 4*q, -2*w + 209 = -q. What is the remainder when w is divided by 18?
15
Let l(w) = 5*w - 5. Let q be 0 + (-3 - 1)/(-1). Calculate the remainder when l(q) is divided by 4.
3
Let i(d) = -2*d + 14. Calculate the remainder when 71 is divided by i(-11).
35
Suppose 2*x + 1 = 5. Suppose -3*y = -2*o, 0*o = -o. Suppose y*w + x = w. What is the remainder when 5 is divided by w?
1
What is the remainder when 101 is divided by 2*(1/(-2) - 0) - -27?
23
Suppose 8*a + 64 = 12*a.